divided by 126.
124
Calculate the remainder when 203 is divided by 27.
14
Calculate the remainder when 274 is divided by 86.
16
Calculate the remainder when 867 is divided by 23.
16
Calculate the remainder when 328 is divided by 22.
20
Calculate the remainder when 353 is divided by 124.
105
What is the remainder when 696 is divided by 50?
46
Calculate the remainder when 1953 is divided by 89.
84
What is the remainder when 156 is divided by 109?
47
Calculate the remainder when 692 is divided by 87.
83
Calculate the remainder when 167 is divided by 98.
69
What is the remainder when 1226 is divided by 41?
37
Calculate the remainder when 5615 is divided by 108.
107
Calculate the remainder when 170 is divided by 58.
54
Calculate the remainder when 145 is divided by 51.
43
Calculate the remainder when 5717 is divided by 44.
41
What is the remainder when 839 is divided by 8?
7
What is the remainder when 131 is divided by 30?
11
What is the remainder when 4366 is divided by 95?
91
What is the remainder when 529 is divided by 14?
11
Calculate the remainder when 1105 is divided by 32.
17
Calculate the remainder when 21 is divided by 9.
3
What is the remainder when 520 is divided by 65?
0
What is the remainder when 205 is divided by 36?
25
Calculate the remainder when 241 is divided by 102.
37
Calculate the remainder when 608 is divided by 110.
58
What is the remainder when 1149 is divided by 161?
22
Calculate the remainder when 24157 is divided by 302.
299
What is the remainder when 197 is divided by 4?
1
What is the remainder when 1318 is divided by 27?
22
What is the remainder when 1611 is divided by 49?
43
What is the remainder when 418 is divided by 12?
10
Calculate the remainder when 565 is divided by 227.
111
Calculate the remainder when 1159 is divided by 83.
80
What is the remainder when 10606 is divided by 20?
6
What is the remainder when 349 is divided by 35?
34
Calculate the remainder when 267 is divided by 10.
7
What is the remainder when 361 is divided by 35?
11
What is the remainder when 134 is divided by 5?
4
Calculate the remainder when 144 is divided by 43.
15
What is the remainder when 4906 is divided by 2447?
12
Calculate the remainder when 446 is divided by 120.
86
Calculate the remainder when 122 is divided by 25.
22
What is the remainder when 1711 is divided by 107?
106
What is the remainder when 17971 is divided by 86?
83
Calculate the remainder when 3045 is divided by 86.
35
Calculate the remainder when 619 is divided by 107.
84
Calculate the remainder when 64 is divided by 18.
10
What is the remainder when 83 is divided by 53?
30
Calculate the remainder when 146 is divided by 39.
29
What is the remainder when 2395 is divided by 104?
3
Calculate the remainder when 185 is divided by 112.
73
Calculate the remainder when 699 is divided by 64.
59
Calculate the remainder when 675 is divided by 53.
39
What is the remainder when 150 is divided by 33?
18
What is the remainder when 796 is divided by 185?
56
Calculate the remainder when 150 is divided by 88.
62
What is the remainder when 2360 is divided by 265?
240
What is the remainder when 82 is divided by 48?
34
Calculate the remainder when 842 is divided by 76.
6
What is the remainder when 118 is divided by 45?
28
What is the remainder when 507 is divided by 17?
14
What is the remainder when 5688 is divided by 27?
18
Calculate the remainder when 95 is divided by 25.
20
Calculate the remainder when 32 is divided by 11.
10
What is the remainder when 340 is divided by 115?
110
Calculate the remainder when 82 is divided by 11.
5
Calculate the remainder when 284 is divided by 70.
4
What is the remainder when 63 is divided by 5?
3
Calculate the remainder when 360 is divided by 90.
0
Calculate the remainder when 141 is divided by 51.
39
Calculate the remainder when 300 is divided by 176.
124
What is the remainder when 242 is divided by 117?
8
Calculate the remainder when 4976 is divided by 79.
78
Calculate the remainder when 2917 is divided by 67.
36
What is the remainder when 15 is divided by 6?
3
Calculate the remainder when 486 is divided by 458.
28
What is the remainder when 46 is divided by 23?
0
Calculate the remainder when 1704 is divided by 35.
24
Calculate the remainder when 301 is divided by 37.
5
Calculate the remainder when 263 is divided by 154.
109
Calculate the remainder when 669 is divided by 258.
153
Calculate the remainder when 732 is divided by 117.
30
What is the remainder when 295 is divided by 82?
49
What is the remainder when 1222 is divided by 35?
32
What is the remainder when 85812 is divided by 287?
286
Calculate the remainder when 934 is divided by 22.
10
What is the remainder when 1053 is divided by 62?
61
What is the remainder when 247 is divided by 150?
97
Calculate the remainder when 166 is divided by 13.
10
Calculate the remainder when 1218 is divided by 20.
18
What is the remainder when 42 is divided by 13?
3
What is the remainder when 250 is divided by 21?
19
What is the remainder when 1554 is divided by 27?
15
Calculate the remainder when 2247 is divided by 130.
37
Calculate the remainder when 409 is divided by 28.
17
Calculate the remainder when 421 is divided by 219.
202
Calculate the remainder when 2339 is divided by 30.
29
What is the remainder when 294 is divided by 12?
6
What is the remainder when 437 is divided by 90?
77
Calculate the remainder when 277 is divided by 35.
32
Calculate the remainder when 328 is divided by 104.
16
What is the remainder when 125 is divided by 12?
5
What is the remainder when 14 is divided by 11?
3
Calculate the remainder when 171 is divided by 1.
0
Calculate the remainder when 110 is divided by 6.
2
Calculate the remainder when 261 is divided by 137.
124
What is the remainder when 41 is divided by 15?
11
Calculate the remainder when 6284 is divided by 14.
12
What is the remainder when 203 is divided by 13?
8
Calculate the remainder when 149 is divided by 38.
35
What is the remainder when 424 is divided by 160?
104
Calculate the remainder when 57 is divided by 14.
1
Calculate the remainder when 1699 is divided by 100.
99
Calculate the remainder when 32 is divided by 4.
0
What is the remainder when 1483 is divided by 44?
31
What is the remainder when 1223 is divided by 68?
67
Calculate the remainder when 344 is divided by 13.
6
What is the remainder when 881 is divided by 81?
71
Calculate the remainder when 140 is divided by 29.
24
What is the remainder when 502 is divided by 18?
16
Calculate the remainder when 67 is divided by 35.
32
Calculate the remainder when 3593 is divided by 53.
42
Calculate the remainder when 12742 is divided by 108.
106
Calculate the remainder when 1024 is divided by 13.
10
What is the remainder when 161 is divided by 14?
7
Calculate the remainder when 984 is divided by 21.
18
What is the remainder when 220 is divided by 25?
20
Calculate the remainder when 356 is divided by 93.
77
Calculate the remainder when 108 is divided by 3.
0
Calculate the remainder when 319 is divided by 156.
7
What is the remainder when 241 is divided by 232?
9
Calculate the remainder when 511 is divided by 128.
127
Calculate the remainder when 304 is divided by 24.
16
What is the remainder when 74 is divided by 45?
29
What is the remainder when 653 is divided by 41?
38
What is the remainder when 161 is divided by 82?
79
Calculate the remainder when 1417 is divided by 43.
41
Calculate the remainder when 60 is divided by 17.
9
What is the remainder when 608 is divided by 9?
5
What is the remainder when 1297 is divided by 21?
16
What is the remainder when 339 is divided by 174?
165
Calculate the remainder when 1423 is divided by 95.
93
What is the remainder when 963 is divided by 75?
63
Calculate the remainder when 173 is divided by 44.
41
What is the remainder when 432 is divided by 15?
12
Calculate the remainder when 338 is divided by 53.
20
Calculate the remainder when 57 is divided by 5.
2
What is the remainder when 585 is divided by 18?
9
What is the remainder when 203 is divided by 57?
32
Calculate the remainder when 24 is divided by 12.
0
Calculate the remainder when 367 is divided by 13.
3
What is the remainder when 832 is divided by 821?
11
Calculate the remainder when 51 is divided by 13.
12
Calculate the remai